{"id":314,"date":"2023-09-02T08:40:25","date_gmt":"2023-09-02T08:40:25","guid":{"rendered":"https:\/\/welcomespanishrevolution.com\/ocs2023\/?page_id=314"},"modified":"2025-05-07T15:21:31","modified_gmt":"2025-05-07T15:21:31","slug":"pais-vasco","status":"publish","type":"page","link":"https:\/\/welcomespanishrevolution.com\/ocs2023\/pais-vasco\/","title":{"rendered":"Pa\u00eds Vasco"},"content":{"rendered":"[vc_row type=\u00bbfull_width_background\u00bb full_screen_row_position=\u00bbmiddle\u00bb column_margin=\u00bbdefault\u00bb column_direction=\u00bbdefault\u00bb column_direction_tablet=\u00bbdefault\u00bb column_direction_phone=\u00bbdefault\u00bb scene_position=\u00bbcenter\u00bb top_padding=\u00bb5%\u00bb bottom_padding=\u00bb4%\u00bb text_color=\u00bbdark\u00bb text_align=\u00bbleft\u00bb row_border_radius=\u00bbnone\u00bb row_border_radius_applies=\u00bbbg\u00bb overflow=\u00bbvisible\u00bb overlay_strength=\u00bb0.3&#8243; gradient_direction=\u00bbleft_to_right\u00bb shape_divider_position=\u00bbbottom\u00bb bg_image_animation=\u00bbnone\u00bb shape_type=\u00bbfan\u00bb gradient_type=\u00bbdefault\u00bb][vc_column column_padding=\u00bbno-extra-padding\u00bb column_padding_tablet=\u00bbinherit\u00bb column_padding_phone=\u00bbinherit\u00bb column_padding_position=\u00bball\u00bb column_element_direction_desktop=\u00bbdefault\u00bb column_element_spacing=\u00bbdefault\u00bb desktop_text_alignment=\u00bbdefault\u00bb tablet_text_alignment=\u00bbdefault\u00bb phone_text_alignment=\u00bbdefault\u00bb background_color_opacity=\u00bb1&#8243; background_hover_color_opacity=\u00bb1&#8243; column_backdrop_filter=\u00bbnone\u00bb column_shadow=\u00bbnone\u00bb column_border_radius=\u00bbnone\u00bb column_link_target=\u00bb_self\u00bb column_position=\u00bbdefault\u00bb gradient_direction=\u00bbleft_to_right\u00bb overlay_strength=\u00bb0.3&#8243; width=\u00bb1\/4&#8243; tablet_width_inherit=\u00bbdefault\u00bb animation_type=\u00bbdefault\u00bb bg_image_animation=\u00bbnone\u00bb border_type=\u00bbsimple\u00bb column_border_width=\u00bbnone\u00bb column_border_style=\u00bbsolid\u00bb][\/vc_column][vc_column column_padding=\u00bbno-extra-padding\u00bb column_padding_tablet=\u00bbinherit\u00bb column_padding_phone=\u00bbinherit\u00bb column_padding_position=\u00bball\u00bb column_element_direction_desktop=\u00bbdefault\u00bb column_element_spacing=\u00bbdefault\u00bb desktop_text_alignment=\u00bbdefault\u00bb tablet_text_alignment=\u00bbdefault\u00bb phone_text_alignment=\u00bbdefault\u00bb background_color_opacity=\u00bb1&#8243; background_hover_color_opacity=\u00bb1&#8243; column_backdrop_filter=\u00bbnone\u00bb column_shadow=\u00bbnone\u00bb column_border_radius=\u00bbnone\u00bb column_link_target=\u00bb_self\u00bb column_position=\u00bbdefault\u00bb gradient_direction=\u00bbleft_to_right\u00bb overlay_strength=\u00bb0.3&#8243; width=\u00bb1\/2&#8243; tablet_width_inherit=\u00bbdefault\u00bb animation_type=\u00bbdefault\u00bb bg_image_animation=\u00bbnone\u00bb border_type=\u00bbsimple\u00bb column_border_width=\u00bbnone\u00bb column_border_style=\u00bbsolid\u00bb][nectar_highlighted_text color_type=\u00bbregular\u00bb highlight_color=\u00bb#ccab5e\u00bb style=\u00bbhalf_text\u00bb]\n<h2 style=\"text-align: center;\"><span style=\"font-weight: 400;\">Viaje a la memoria hist\u00f3rica. Verdad, justicia restaurativa y reparaci\u00f3n. <\/span><\/h2>\n[\/nectar_highlighted_text][\/vc_column][vc_column column_padding=\u00bbno-extra-padding\u00bb column_padding_tablet=\u00bbinherit\u00bb column_padding_phone=\u00bbinherit\u00bb column_padding_position=\u00bball\u00bb column_element_direction_desktop=\u00bbdefault\u00bb column_element_spacing=\u00bbdefault\u00bb desktop_text_alignment=\u00bbdefault\u00bb tablet_text_alignment=\u00bbdefault\u00bb phone_text_alignment=\u00bbdefault\u00bb background_color_opacity=\u00bb1&#8243; background_hover_color_opacity=\u00bb1&#8243; column_backdrop_filter=\u00bbnone\u00bb column_shadow=\u00bbnone\u00bb column_border_radius=\u00bbnone\u00bb column_link_target=\u00bb_self\u00bb column_position=\u00bbdefault\u00bb gradient_direction=\u00bbleft_to_right\u00bb overlay_strength=\u00bb0.3&#8243; width=\u00bb1\/4&#8243; tablet_width_inherit=\u00bbdefault\u00bb animation_type=\u00bbdefault\u00bb bg_image_animation=\u00bbnone\u00bb border_type=\u00bbsimple\u00bb column_border_width=\u00bbnone\u00bb column_border_style=\u00bbsolid\u00bb][\/vc_column][\/vc_row][vc_row type=\u00bbfull_width_content\u00bb full_screen_row_position=\u00bbmiddle\u00bb column_margin=\u00bb90px\u00bb equal_height=\u00bbyes\u00bb content_placement=\u00bbtop\u00bb column_direction=\u00bbdefault\u00bb column_direction_tablet=\u00bbdefault\u00bb column_direction_phone=\u00bbdefault\u00bb bg_color=\u00bb#85af89&#8243; scene_position=\u00bbcenter\u00bb top_padding=\u00bb2%\u00bb bottom_padding=\u00bb2%\u00bb left_padding_desktop=\u00bb5%\u00bb constrain_group_2=\u00bbyes\u00bb right_padding_desktop=\u00bb5%\u00bb left_padding_tablet=\u00bb20%\u00bb constrain_group_4=\u00bbyes\u00bb right_padding_tablet=\u00bb20%\u00bb left_padding_phone=\u00bb24px\u00bb constrain_group_6=\u00bbyes\u00bb right_padding_phone=\u00bb24px\u00bb text_color=\u00bbdark\u00bb text_align=\u00bbleft\u00bb row_border_radius=\u00bbnone\u00bb row_border_radius_applies=\u00bbbg\u00bb zindex=\u00bb10&#8243; overflow=\u00bbvisible\u00bb color_overlay=\u00bb#77a17d\u00bb color_overlay_2=\u00bbrgba(182,101,84,0.61)\u00bb advanced_gradient_angle=\u00bb0&#8243; overlay_strength=\u00bb0.8&#8243; gradient_direction=\u00bbtop_to_bottom\u00bb shape_divider_position=\u00bbbottom\u00bb bg_image_animation=\u00bbnone\u00bb parallax_bg=\u00bbtrue\u00bb parallax_bg_speed=\u00bbfast\u00bb shape_type=\u00bb\u00bb gradient_type=\u00bbdefault\u00bb][vc_column column_padding=\u00bbno-extra-padding\u00bb column_padding_tablet=\u00bbinherit\u00bb column_padding_phone=\u00bbinherit\u00bb column_padding_position=\u00bbright\u00bb column_element_direction_desktop=\u00bbdefault\u00bb column_element_spacing=\u00bbdefault\u00bb desktop_text_alignment=\u00bbdefault\u00bb tablet_text_alignment=\u00bbdefault\u00bb phone_text_alignment=\u00bbdefault\u00bb sticky_content=\u00bbtrue\u00bb sticky_content_functionality=\u00bbjs\u00bb background_color_opacity=\u00bb1&#8243; background_hover_color_opacity=\u00bb1&#8243; column_backdrop_filter=\u00bbnone\u00bb column_shadow=\u00bbnone\u00bb column_border_radius=\u00bbnone\u00bb column_link_target=\u00bb_self\u00bb column_position=\u00bbdefault\u00bb advanced_gradient_angle=\u00bb0&#8243; gradient_direction=\u00bbleft_to_right\u00bb overlay_strength=\u00bb0.3&#8243; width=\u00bb1\/2&#8243; tablet_width_inherit=\u00bbdefault\u00bb animation_type=\u00bbdefault\u00bb bg_image_animation=\u00bbnone\u00bb border_type=\u00bbsimple\u00bb column_border_width=\u00bbnone\u00bb column_border_style=\u00bbsolid\u00bb gradient_type=\u00bbdefault\u00bb column_padding_type=\u00bbdefault\u00bb][vc_raw_html]JTVCcHV0X3dwZ20lMjBpZCUzRDUlNUQ=[\/vc_raw_html][\/vc_column][vc_column column_padding=\u00bbno-extra-padding\u00bb column_padding_tablet=\u00bbinherit\u00bb column_padding_phone=\u00bbinherit\u00bb column_padding_position=\u00bball\u00bb column_element_direction_desktop=\u00bbdefault\u00bb column_element_spacing=\u00bbdefault\u00bb desktop_text_alignment=\u00bbdefault\u00bb tablet_text_alignment=\u00bbdefault\u00bb phone_text_alignment=\u00bbdefault\u00bb background_color_opacity=\u00bb1&#8243; background_hover_color_opacity=\u00bb1&#8243; column_backdrop_filter=\u00bbnone\u00bb column_shadow=\u00bbnone\u00bb column_border_radius=\u00bbnone\u00bb column_link_target=\u00bb_self\u00bb column_position=\u00bbdefault\u00bb gradient_direction=\u00bbleft_to_right\u00bb overlay_strength=\u00bb0.3&#8243; width=\u00bb1\/2&#8243; tablet_width_inherit=\u00bbdefault\u00bb animation_type=\u00bbdefault\u00bb bg_image_animation=\u00bbnone\u00bb border_type=\u00bbsimple\u00bb column_border_width=\u00bbnone\u00bb column_border_style=\u00bbsolid\u00bb][vc_row_inner column_margin=\u00bbdefault\u00bb column_direction=\u00bbdefault\u00bb column_direction_tablet=\u00bbdefault\u00bb column_direction_phone=\u00bbdefault\u00bb text_align=\u00bbleft\u00bb row_position=\u00bbdefault\u00bb row_position_tablet=\u00bbinherit\u00bb row_position_phone=\u00bbinherit\u00bb overflow=\u00bbvisible\u00bb pointer_events=\u00bball\u00bb][vc_column_inner column_padding=\u00bbno-extra-padding\u00bb column_padding_tablet=\u00bbinherit\u00bb column_padding_phone=\u00bbinherit\u00bb column_padding_position=\u00bball\u00bb bottom_margin=\u00bb60&#8243; column_element_direction_desktop=\u00bbdefault\u00bb column_element_spacing=\u00bbdefault\u00bb desktop_text_alignment=\u00bbright\u00bb tablet_text_alignment=\u00bbdefault\u00bb phone_text_alignment=\u00bbdefault\u00bb background_color_opacity=\u00bb1&#8243; background_hover_color_opacity=\u00bb1&#8243; column_backdrop_filter=\u00bbnone\u00bb column_shadow=\u00bbnone\u00bb column_border_radius=\u00bbnone\u00bb column_link_target=\u00bb_self\u00bb overflow=\u00bbvisible\u00bb gradient_direction=\u00bbleft_to_right\u00bb overlay_strength=\u00bb0.3&#8243; width=\u00bb1\/1&#8243; tablet_width_inherit=\u00bbdefault\u00bb animation_type=\u00bbdefault\u00bb bg_image_animation=\u00bbnone\u00bb border_type=\u00bbsimple\u00bb column_border_width=\u00bbnone\u00bb column_border_style=\u00bbsolid\u00bb column_padding_type=\u00bbdefault\u00bb gradient_type=\u00bbdefault\u00bb][nectar_btn size=\u00bblarge\u00bb button_style=\u00bbregular\u00bb button_color_2=\u00bbAccent-Color\u00bb color_override=\u00bb#dcb860&#8243; solid_text_color_override=\u00bb#000000&#8243; icon_family=\u00bbsteadysets\u00bb text=\u00bbCuaderno de viaje colectivo\u00bb url=\u00bbcuaderno-de-viaje-colectivo\/\u00bb icon_steadysets=\u00bbsteadysets-icon-bookmark\u00bb][\/vc_column_inner][\/vc_row_inner][nectar_badge display_tag=\u00bbbody\u00bb badge_style=\u00bbdefault\u00bb bg_color_type=\u00bbglobal\u00bb color=\u00bbaccent-color\u00bb text_color=\u00bb#ffffff\u00bb padding=\u00bbsmall\u00bb border_radius=\u00bb0px\u00bb display=\u00bbblock\u00bb text=\u00bb5 Ostegun (jueves)\u00bb margin_bottom=\u00bb20&#8243;][vc_column_text css=\u00bb.vc_custom_1696233692897{padding-bottom: 20px !important;}\u00bb]<span style=\"font-weight: 400;\"><strong>17:38h.<\/strong> Salida de Chamart\u00edn llegada a Vitoria-Gasteiz 21:00. Llevamos bocata para cenar en el tren (3 horas y media de trayecto).<\/span><\/p>\n<p><span style=\"font-weight: 400;\">Bus al hotel <\/span>[\/vc_column_text][divider line_type=\u00bbNo Line\u00bb custom_height=\u00bb35&#8243;][nectar_badge display_tag=\u00bbbody\u00bb badge_style=\u00bbdefault\u00bb bg_color_type=\u00bbglobal\u00bb color=\u00bbaccent-color\u00bb text_color=\u00bb#ffffff\u00bb padding=\u00bbsmall\u00bb border_radius=\u00bb0px\u00bb display=\u00bbblock\u00bb text=\u00bb6 Ostirala (viernes) &#8211; Gernika\u00bb][vc_column_text]<b>7:00-8:00 h.<\/b><span style=\"font-weight: 400;\"> Desayuno<\/span><\/p>\n<p><b>8:30 h. <\/b><span style=\"font-weight: 400;\">Salida hacia Gernika (1 hora de autob\u00fas).<\/span><\/p>\n<p><b>10-11:45 h\u00a0 <\/b><span style=\"font-weight: 400;\">Explicaci\u00f3n de la escritora y ensayista <a href=\"https:\/\/welcomespanishrevolution.com\/ocs2023\/itziar-minguez\/\">Itziar Minguez<\/a> y del periodista <a href=\"https:\/\/welcomespanishrevolution.com\/ocs2023\/emilio-silva\/\">Emilio Silva<\/a> sobre el significado de \u201cGernika\u201d en la Historia de Euskal Herria (Pa\u00eds vasco) y de Espa\u00f1a.<\/span><\/p>\n<p><b>11-45h-12:45 h:. <\/b><span style=\"font-weight: 400;\">Visita al Museo de la Paz en Gernika.\u00a0<\/span><\/p>\n<p><b>13:00-14:45 h: <\/b><span style=\"font-weight: 400;\">Tiempo libre para comer. Cada quien come por su cuenta en Gernika o pasea la ciudad.<\/span><\/p>\n<p><b>15:00 h. <\/b><span style=\"font-weight: 400;\">Salida del bus hacia el palacio de<\/span><span style=\"font-weight: 400;\"> Urbasa, (Navarra)\u00a0<\/span><\/p>\n<p><b>17:00 h. Llegada a Urbasa <a href=\"https:\/\/welcomespanishrevolution.com\/ocs2023\/julia-otxoa\/\"><span style=\"font-weight: 400;\">Julia Otxoa<\/span><\/a><\/b><span style=\"font-weight: 400;\">\u00a0nos estar\u00e1 esperando en el Palacio de<\/span><b> Urbasa. <\/b>Desde ese punto seguiremos en bus y coche hasta el peque\u00f1o aparcamiento y desde all\u00ed caminaremos hasta la sima<span style=\"font-weight: 400;\">\u00a0donde encontr\u00f3 los restos de su abuelo. <\/span><span style=\"font-weight: 400;\">Visitamos la\u00a0 fosa com\u00fan. Momento de silencio por las v\u00edctimas y lectura de fragmentos de la obra de Julia Otxoa. <\/span><span style=\"font-weight: 400;\">Queda un poco escondida de la carretera, unos diez\u00a0 minutos en bus. <\/span><a href=\"https:\/\/ondaregia.com\/el-palacio-de-urbasa\/\"><b>https:\/\/ondaregia.com\/el-palacio-de-urbasa\/<\/b><\/a><span style=\"font-weight: 400;\">,<\/span><\/p>\n<p><b>18-20 h. <\/b><span style=\"font-weight: 400;\">Merienda y conversaci\u00f3n con Julia en <\/span><b>Eulate en Taberna Alai<\/b><span style=\"font-weight: 400;\">. Eulate es el pueblo a diez minutos de la fosa y lugar de nacimiento de la familia materna de <a href=\"https:\/\/welcomespanishrevolution.com\/ocs2023\/julia-otxoa\/\">Julia Otxoa<\/a>, abuelos. Es el lugar donde se desarrolla parte del relato que leeremos de Julia Otxoa.<\/span>[\/vc_column_text][divider line_type=\u00bbNo Line\u00bb custom_height=\u00bb35&#8243;][nectar_badge display_tag=\u00bbbody\u00bb badge_style=\u00bbdefault\u00bb bg_color_type=\u00bbglobal\u00bb color=\u00bbaccent-color\u00bb text_color=\u00bb#ffffff\u00bb padding=\u00bbsmall\u00bb border_radius=\u00bb0px\u00bb display=\u00bbblock\u00bb text=\u00bb7 Larunbat (s\u00e1bado) | Vitoria-Gasteiz\u00bb][vc_column_text]<b>8-8:45h. <\/b><span style=\"font-weight: 400;\">Desayuno<\/span><\/p>\n<p><b>9:30-11h.<\/b><span style=\"font-weight: 400;\"> Clase con el periodista y ensayista <a href=\"https:\/\/welcomespanishrevolution.com\/ocs2023\/paddy-woodworth\/\">Paddy Woodworth<\/a> (historia de ETA) sala de hotel\u00a0<\/span><\/p>\n<p><span style=\"font-weight: 400;\">\u00abThe long and bloody life, slow and miserable death, and bizarre contemporary resurrection of ETA\u00bb<\/span><\/p>\n<p><b>12:30 -13:30 h.<\/b><span style=\"font-weight: 400;\"> Visita guiada al <a href=\"http:\/\/www.memorialvt.com\/museo\/\" target=\"_blank\" rel=\"noopener\">\u201cCentro memorial de v\u00edctimas del terrorismo\u201d<\/a> abierto en 2021 en Vitoria-Gasteiz.<\/span><\/p>\n<p><a href=\"https:\/\/www.diariovasco.com\/politica\/memorial-victimas-vitoria-reyes-inauguracion-20210601140701-nt.html\"><span style=\"font-weight: 400;\">https:\/\/www.diariovasco.com\/politica\/memorial-victimas-vitoria-reyes-inauguracion-20210601140701-nt.html<\/span><\/a><\/p>\n<p><b>14-16 h.<\/b><span style=\"font-weight: 400;\"> Comida por cuenta propia, paseo por la ciudad, descanso.<\/span><\/p>\n<p><b>16:30-17:30h. <\/b><span style=\"font-weight: 400;\">Reflexi\u00f3n colectiva en el hotel con Itziar, Paddy y Emilio de lo que hemos visto y aprendido en el museo.\u00a0 Introducci\u00f3n\u00a0 a la pel\u00edcula de Itziar Bolla\u00edn,\u00a0 <a href=\"https:\/\/welcomespanishrevolution.com\/ocs2023\/maixabel\/\">Maixabel<\/a> (2021) con Itziar.\u00a0<\/span><\/p>\n<p><strong>17h.<\/strong> Merienda en el hotel durante la clase.<\/p>\n<p><b>18-00-20:30 h. <\/b><span style=\"font-weight: 400;\">Vemos en el hotel la pel\u00edcula y compartimos impresiones con Itziar, Paddy <\/span><span style=\"font-weight: 400;\">y Emilio. Pensamos <\/span><span style=\"font-weight: 400;\">el significado del proceso de paz y de reconciliaci\u00f3n y reparaci\u00f3n de las v\u00edctimas del terrorismo. Significado de v\u00edctima y verdugo. Historia oficial, la historia no contada.\u00a0<\/span>[\/vc_column_text][divider line_type=\u00bbNo Line\u00bb custom_height=\u00bb35&#8243;][nectar_badge display_tag=\u00bbbody\u00bb badge_style=\u00bbdefault\u00bb bg_color_type=\u00bbglobal\u00bb color=\u00bbaccent-color\u00bb text_color=\u00bb#ffffff\u00bb padding=\u00bbsmall\u00bb border_radius=\u00bb0px\u00bb display=\u00bbblock\u00bb text=\u00bb8 Igande (domingo) | Arterra Bizimodu\u00bb][vc_column_text]<b>8:00-8:45 h: <\/b><span style=\"font-weight: 400;\">Desayuno<\/span><\/p>\n<p><b>9:00-10:30 h:. <\/b><span style=\"font-weight: 400;\">Salida hacia la ecoaldea de Arterra Bizimodu; Nos recibe Toni Mar\u00edn.\u00a0<\/span><\/p>\n<p><b>10:30-13 h: <\/b><span style=\"font-weight: 400;\">Taller con <a href=\"https:\/\/welcomespanishrevolution.com\/ocs2023\/toni-marin\/\">Toni Mar\u00edn<\/a> para entender el concepto de ecoaldea\u00a0 y sociocracia.\u00a0<\/span><\/p>\n<p><b>13:15-14:30 h: <\/b><span style=\"font-weight: 400;\">Comida en la ecoaldea con productos de proximidad.<\/span><\/p>\n<p><b>15-16:30 h.<\/b><span style=\"font-weight: 400;\"> Salida hacia Tolosa<\/span><\/p>\n<p><b>17:30-19: h. <\/b><span style=\"font-weight: 400;\">Nos recibe <\/span><span style=\"font-weight: 400;\">el P\u00e1rroco de Tolosa <a href=\"https:\/\/www.diariovasco.com\/tolosa-goierri\/tolosa\/jesus-maria-arrieta-20180916011429-ntvo.html\" target=\"_blank\" rel=\"noopener\">Jes\u00fas Mar\u00eda Arrieta<\/a>.\u00a0<\/span><\/p>\n<p><span style=\"font-weight: 400;\">Encuentro en el local parroquial con la <a href=\"https:\/\/welcomespanishrevolution.com\/ocs2023\/maixabel-lasa\/\">Maixabel Lasa Iturrioz<\/a>. Activista y pol\u00edtica. Ex d<\/span><span style=\"font-weight: 400;\">irectora de la Oficina de Atenci\u00f3n a las V\u00edctimas del Terrorismo del <\/span><span style=\"font-weight: 400;\">Gobierno Vasco<\/span><span style=\"font-weight: 400;\"> (2001-2012). Viuda de <\/span><span style=\"font-weight: 400;\">Juan Mar\u00eda J\u00e1uregui<\/span><span style=\"font-weight: 400;\">, pol\u00edtico vasco del <\/span><span style=\"font-weight: 400;\">PSE<\/span><span style=\"font-weight: 400;\"> asesinado por <\/span><span style=\"font-weight: 400;\">ETA<\/span><span style=\"font-weight: 400;\">, fue una de las primeras v\u00edctimas que accedi\u00f3 a entrevistarse con los asesinos de su marido en la c\u00e1rcel.<\/span><span style=\"font-weight: 400;\">Maixabel Lasa fue una de las primeras v\u00edctimas que accedi\u00f3 a encontrarse con dos de los asesinos de su marido y ha abogado siempre por el di\u00e1logo y el perd\u00f3n como forma de activismo.\u00a0<\/span><\/p>\n<p><b>19:30-20:30 h:\u00a0 <\/b><span style=\"font-weight: 400;\">Regresamos a Vitoria-Gasteiz<\/span>[\/vc_column_text][divider line_type=\u00bbNo Line\u00bb custom_height=\u00bb35&#8243;][nectar_badge display_tag=\u00bbbody\u00bb badge_style=\u00bbdefault\u00bb bg_color_type=\u00bbglobal\u00bb color=\u00bbaccent-color\u00bb text_color=\u00bb#ffffff\u00bb padding=\u00bbsmall\u00bb border_radius=\u00bb0px\u00bb display=\u00bbblock\u00bb text=\u00bb9 astelehena (Lunes)\u00bb][vc_column_text]<b>8-8:30h. <\/b><span style=\"font-weight: 400;\">Desayuno<\/span><\/p>\n<p><b>8:30h.<\/b><span style=\"font-weight: 400;\"> Salida del hotel hacia la estaci\u00f3n<\/span><\/p>\n<p><b>10h.<\/b><span style=\"font-weight: 400;\"> Salida Vitoria- Gasteiz hacia Madrid<\/span>[\/vc_column_text][\/vc_column][\/vc_row][vc_row type=\u00bbin_container\u00bb full_screen_row_position=\u00bbmiddle\u00bb column_margin=\u00bbdefault\u00bb column_direction=\u00bbdefault\u00bb column_direction_tablet=\u00bbdefault\u00bb column_direction_phone=\u00bbdefault\u00bb scene_position=\u00bbcenter\u00bb text_color=\u00bbdark\u00bb text_align=\u00bbleft\u00bb row_border_radius=\u00bbnone\u00bb row_border_radius_applies=\u00bbbg\u00bb overflow=\u00bbvisible\u00bb overlay_strength=\u00bb0.3&#8243; gradient_direction=\u00bbleft_to_right\u00bb shape_divider_position=\u00bbbottom\u00bb bg_image_animation=\u00bbnone\u00bb][vc_column column_padding=\u00bbno-extra-padding\u00bb column_padding_tablet=\u00bbinherit\u00bb column_padding_phone=\u00bbinherit\u00bb column_padding_position=\u00bball\u00bb column_element_direction_desktop=\u00bbdefault\u00bb column_element_spacing=\u00bbdefault\u00bb desktop_text_alignment=\u00bbdefault\u00bb tablet_text_alignment=\u00bbdefault\u00bb phone_text_alignment=\u00bbdefault\u00bb background_color_opacity=\u00bb1&#8243; background_hover_color_opacity=\u00bb1&#8243; column_backdrop_filter=\u00bbnone\u00bb column_shadow=\u00bbnone\u00bb column_border_radius=\u00bbnone\u00bb column_link_target=\u00bb_self\u00bb column_position=\u00bbdefault\u00bb gradient_direction=\u00bbleft_to_right\u00bb overlay_strength=\u00bb0.3&#8243; width=\u00bb1\/1&#8243; tablet_width_inherit=\u00bbdefault\u00bb animation_type=\u00bbdefault\u00bb bg_image_animation=\u00bbnone\u00bb border_type=\u00bbsimple\u00bb column_border_width=\u00bbnone\u00bb column_border_style=\u00bbsolid\u00bb][nectar_post_grid post_type=\u00bbcustom\u00bb cpt_name=\u00bbpost\u00bb order=\u00bbASC\u00bb orderby=\u00bbtitle\u00bb pagination=\u00bbnone\u00bb grid_item_spacing=\u00bb25px\u00bb enable_sortable=\u00bbyes\u00bb sortable_alignment=\u00bbdefault\u00bb sortable_color=\u00bbdefault\u00bb image_size=\u00bbportfolio-thumb_large\u00bb image_loading=\u00bbdefault\u00bb animation=\u00bbfade-in-from-bottom\u00bb animation_stagger=\u00bb90&#8243; animation_easing=\u00bbdefault\u00bb heading_tag=\u00bbh4&#8243; category_position=\u00bbdefault\u00bb additional_meta_size=\u00bbdefault\u00bb custom_fields_location=\u00bbbefore_post_meta\u00bb grid_style=\u00bbvertical_list\u00bb vertical_list_hover_effect=\u00bbslight_move\u00bb vertical_list_border_color=\u00bb#000000&#8243; text_color=\u00bbdark\u00bb posts_per_page=\u00bb20&#8243; display_type=\u00bbgrid\u00bb custom_query_tax=\u00bb6, 20&#8243;][\/vc_column][\/vc_row][vc_row type=\u00bbin_container\u00bb full_screen_row_position=\u00bbmiddle\u00bb column_margin=\u00bbdefault\u00bb column_direction=\u00bbdefault\u00bb column_direction_tablet=\u00bbdefault\u00bb column_direction_phone=\u00bbdefault\u00bb scene_position=\u00bbcenter\u00bb text_color=\u00bbdark\u00bb text_align=\u00bbleft\u00bb row_border_radius=\u00bbnone\u00bb row_border_radius_applies=\u00bbbg\u00bb overflow=\u00bbvisible\u00bb overlay_strength=\u00bb0.3&#8243; gradient_direction=\u00bbleft_to_right\u00bb shape_divider_position=\u00bbbottom\u00bb bg_image_animation=\u00bbnone\u00bb][vc_column column_padding=\u00bbno-extra-padding\u00bb column_padding_tablet=\u00bbinherit\u00bb column_padding_phone=\u00bbinherit\u00bb column_padding_position=\u00bball\u00bb column_element_direction_desktop=\u00bbdefault\u00bb column_element_spacing=\u00bbdefault\u00bb desktop_text_alignment=\u00bbdefault\u00bb tablet_text_alignment=\u00bbdefault\u00bb phone_text_alignment=\u00bbdefault\u00bb background_color_opacity=\u00bb1&#8243; background_hover_color_opacity=\u00bb1&#8243; column_backdrop_filter=\u00bbnone\u00bb column_shadow=\u00bbnone\u00bb column_border_radius=\u00bbnone\u00bb column_link_target=\u00bb_self\u00bb column_position=\u00bbdefault\u00bb gradient_direction=\u00bbleft_to_right\u00bb overlay_strength=\u00bb0.3&#8243; width=\u00bb1\/1&#8243; tablet_width_inherit=\u00bbdefault\u00bb animation_type=\u00bbdefault\u00bb bg_image_animation=\u00bbnone\u00bb border_type=\u00bbsimple\u00bb column_border_width=\u00bbnone\u00bb column_border_style=\u00bbsolid\u00bb][\/vc_column][\/vc_row]\n","protected":false},"excerpt":{"rendered":"<p>[vc_row type=\u00bbfull_width_background\u00bb full_screen_row_position=\u00bbmiddle\u00bb column_margin=\u00bbdefault\u00bb column_direction=\u00bbdefault\u00bb column_direction_tablet=\u00bbdefault\u00bb column_direction_phone=\u00bbdefault\u00bb scene_position=\u00bbcenter\u00bb top_padding=\u00bb5%\u00bb bottom_padding=\u00bb4%\u00bb text_color=\u00bbdark\u00bb text_align=\u00bbleft\u00bb row_border_radius=\u00bbnone\u00bb row_border_radius_applies=\u00bbbg\u00bb overflow=\u00bbvisible\u00bb overlay_strength=\u00bb0.3&#8243; gradient_direction=\u00bbleft_to_right\u00bb shape_divider_position=\u00bbbottom\u00bb bg_image_animation=\u00bbnone\u00bb shape_type=\u00bbfan\u00bb gradient_type=\u00bbdefault\u00bb][vc_column column_padding=\u00bbno-extra-padding\u00bb column_padding_tablet=\u00bbinherit\u00bb column_padding_phone=\u00bbinherit\u00bb column_padding_position=\u00bball\u00bb column_element_direction_desktop=\u00bbdefault\u00bb column_element_spacing=\u00bbdefault\u00bb desktop_text_alignment=\u00bbdefault\u00bb tablet_text_alignment=\u00bbdefault\u00bb phone_text_alignment=\u00bbdefault\u00bb&#8230;<\/p>\n","protected":false},"author":2,"featured_media":0,"parent":0,"menu_order":0,"comment_status":"closed","ping_status":"closed","template":"","meta":{"footnotes":""},"class_list":["post-314","page","type-page","status-publish"],"_links":{"self":[{"href":"https:\/\/welcomespanishrevolution.com\/ocs2023\/wp-json\/wp\/v2\/pages\/314","targetHints":{"allow":["GET"]}}],"collection":[{"href":"https:\/\/welcomespanishrevolution.com\/ocs2023\/wp-json\/wp\/v2\/pages"}],"about":[{"href":"https:\/\/welcomespanishrevolution.com\/ocs2023\/wp-json\/wp\/v2\/types\/page"}],"author":[{"embeddable":true,"href":"https:\/\/welcomespanishrevolution.com\/ocs2023\/wp-json\/wp\/v2\/users\/2"}],"replies":[{"embeddable":true,"href":"https:\/\/welcomespanishrevolution.com\/ocs2023\/wp-json\/wp\/v2\/comments?post=314"}],"version-history":[{"count":17,"href":"https:\/\/welcomespanishrevolution.com\/ocs2023\/wp-json\/wp\/v2\/pages\/314\/revisions"}],"predecessor-version":[{"id":605,"href":"https:\/\/welcomespanishrevolution.com\/ocs2023\/wp-json\/wp\/v2\/pages\/314\/revisions\/605"}],"wp:attachment":[{"href":"https:\/\/welcomespanishrevolution.com\/ocs2023\/wp-json\/wp\/v2\/media?parent=314"}],"curies":[{"name":"wp","href":"https:\/\/api.w.org\/{rel}","templated":true}]}}